12?
102102121210
In base 16, what is 249e80 + -b?
249e75
In base 2, what is -1 + -1010001000110101110100?
-1010001000110101110101
In base 11, what is 96059 + 5?
96063
In base 2, what is -11 - 10000100111000110111001?
-10000100111000110111100
In base 11, what is -33857 - -38?
-3381a
In base 4, what is -10000312 - 13?
-10000331
In base 14, what is -234 + 333d?
3109
In base 14, what is 191 - 5162d?
-5147c
In base 15, what is -437418 + 6?
-437412
In base 6, what is 11335 + 50005?
101344
In base 11, what is 148a - 22624?
-21145
In base 4, what is 231131100323 + -11?
231131100312
In base 8, what is 6744304 - -210?
6744514
In base 4, what is 3 - 3210211001?
-3210210332
In base 8, what is 170577 + 32?
170631
In base 2, what is 1010001111011001000001111001 + -100?
1010001111011001000001110101
In base 12, what is -3b42732 + -4?
-3b42736
In base 12, what is -a5573891 - -5?
-a5573888
In base 3, what is -1220211122100 + -110?
-1220211122210
In base 9, what is -7505 + 18725?
11220
In base 4, what is -2 + 2103003300?
2103003232
In base 11, what is -557651 + -32?
-557683
In base 12, what is -2134 - 9ab8?
-10030
In base 7, what is 52016430 + 2?
52016432
In base 7, what is -4 + -35631362?
-35631366
In base 10, what is 327721 + 10?
327731
In base 16, what is 56f6 - 60d?
50e9
In base 13, what is 2538b - -87?
25445
In base 11, what is -26065 + -17?
-26081
In base 16, what is -1cb50 - -52?
-1cafe
In base 6, what is -14311 + -2352025?
-2410340
In base 6, what is 4355543 - -23?
4400010
In base 2, what is 1000001010101001110111100 + -101?
1000001010101001110110111
In base 16, what is a4 + -9553?
-94af
In base 4, what is 3312032 + -1011001?
2301031
In base 9, what is -7053 - -2213?
-4740
In base 3, what is 2 - 2021110111121?
-2021110111112
In base 6, what is -202044052 - -5?
-202044043
In base 6, what is -13 + 1241050?
1241033
In base 16, what is -5 - dd428f?
-dd4294
In base 12, what is 14615318 + 0?
14615318
In base 14, what is 0 + -6a698?
-6a698
In base 8, what is 7504334 - 3?
7504331
In base 9, what is -633364 - 41?
-633415
In base 5, what is 21202 - 10442?
10210
In base 15, what is -3c - -d33?
ce6
In base 3, what is -2112200021 + -112010?
-2120012101
In base 5, what is 431012334 - -11?
431012400
In base 4, what is -11 + 1120102233?
1120102222
In base 2, what is -10010000000011001 + -101100?
-10010000001000101
In base 11, what is 1754193 + 3?
1754196
In base 8, what is 47247 - 26545?
20502
In base 10, what is 12 + -487769?
-487757
In base 13, what is -29278 - 10?
-29288
In base 3, what is -1 + -1011010122121112?
-1011010122121120
In base 2, what is 10110100011011101111 - -1000110100?
10110100100100100011
In base 11, what is 23 - 708118?
-7080a5
In base 14, what is -b2c + 3d45?
3217
In base 7, what is -51125361 + -2?
-51125363
In base 2, what is 100 + 1101100010010110011111?
1101100010010110100011
In base 15, what is 6e09a - 9?
6e091
In base 12, what is -581a069 - -9?
-581a060
In base 8, what is 15030 - 12005?
3023
In base 5, what is 243202002 - 1211?
243200241
In base 9, what is -2 - 1108176?
-1108178
In base 13, what is -14 + 2a7805c?
2a78048
In base 8, what is -436541 + -236?
-436777
In base 9, what is -3 - -3356642?
3356638
In base 8, what is -4 + -14463306?
-14463312
In base 13, what is 58100 - -39?
58139
In base 15, what is 927238 - 3?
927235
In base 4, what is 103 - -123211013?
123211122
In base 2, what is -101010110001001110110000 + 0?
-101010110001001110110000
In base 6, what is 1 - 1155354500?
-1155354455
In base 6, what is 22 - -1235222325?
1235222351
In base 15, what is 3e4 - 39012?
-38b1d
In base 10, what is 1763 + -31806?
-30043
In base 8, what is -7 + 5611277?
5611270
In base 9, what is 17706 + 1878?
20685
In base 16, what is ce32 - -66?
ce98
In base 12, what is -3715 + -22a28?
-26541
In base 14, what is 4b65536 + -16?
4b65520
In base 15, what is -d268b9b + 0?
-d268b9b
In base 13, what is 51 + -1597?
-1546
In base 2, what is -1110111111110010011001 + 0?
-1110111111110010011001
In base 5, what is 10200 - -221220130?
221230330
In base 7, what is -152562511 + -41?
-152562552
In base 16, what is 4e8ffb + 3?
4e8ffe
In base 14, what is -31 - -117bc1?
117b90
In base 12, what is 311 + -557?
-246
In base 7, what is 50142546 + 1?
50142550
In base 6, what is 2314 - 3244555?
-3242241
In base 13, what is -3 - 1b2160c?
-1b21612
In base 7, what is 3056046026 - -4?
3056046033
In base 13, what is -4 + 1106542c?
11065428
In base 8, what is -12 + 4322500?
4322466
In base 14, what is -97cd + 37?
-9796
In base 2, what is 11001100110100 - 101101111?
11000111000101
In base 16, what is 68 + -3385c?
-337f4
In base 13, what is -79a626 + 35?
-79a5c1
In base 2, what is 11 + 111000111010110110010111?
111000111010110110011010
In base 6, what is 55051243 + 0?
55051243
In base 5, what is -22321411 + 412?
-22320444
In base 11, what is 672a63 - 2?
672a61
In base 4, what is 1102201 - 12202?
1023333
In base 10, what is -249 - 16062?
-16311
In base 7, what is -164561204 - 1?
-164561205
In base 10, what is 75127 + 1194?
76321
In base 8, what is -43 + -2764245?
-2764310
In base 9, what is -32 + 123758?
123726
In base 3, what is -111 - 2012120211200121?
-2012120211201002
In base 2, what is 101111101000001010 + 11010011100?
110000000010100110
In base 12, what is 3056 + 380a4?
3b13a
In base 8, what is -227623 + -6020?
-235643
In base 12, what is -5ba442 + 6?
-5ba438
In base 13, what is 12aa + 46045?
47322
In base 7, what is -33 + 1146553?
1146520
In base 11, what is 521 - -1068?
1589
In base 6, what is -1540440 - -1044?
-1535352
In base 16, what is 31 + 70a3ce?
70a3ff
In base 12, what is 129778 + -1a?
12975a
In base 11, what is -79112 - -12?
-79100
In base 12, what is -127bb77 + -5?
-127bb80
In base 5, what is -321010 + 1010423?
134413
In base 16, what is 1cd3dd8 + 1?
1cd3dd9
In base 5, what is 1311224114 + -334?
1311223230
In base 7, what is -5 - 6451625?
-6451633
In base 16, what is -3 + 69a41?
69a3e
In base 11, what is -6 + 85317371?
85317366
In base 2, what is 100100101110010011110101 - -10?
100100101110010011110111
In base 9, what is -3087533503 + -1?
-3087533504
In base 14, what is -10 + b8bc?
b8ac
In base 13, what is 2b19c67 - -22?
2b19c89
In base 15, what is 4927 + 457?
4d7e
In base 11, what is -61591371 + 5?
-61591367
In base 13, what is 33 - 1286973?
-1286940
In base 16, what is -163e - f981?
-10fbf
In base 6, what is 22034030 + -1004?
22033022
In base 6, what is -11 + -3400144243?
-3400144254
In base 2, what is 1111010111110110101001010 + -100?
1111010111110110101000110
In base 14, what is d0ba7a3 - -1?
d0ba7a4
In base 13, what is -3 - -55b535?
55b532
In base 13, what is -6 + -3c6246?
-3c624c
In base 16, what is 4 - 2fc128c?
-2fc1288
In base 5, what is -3032412 + 43430?
-2433432
In base 8, what is -12713 + 55406?
42473
In base 4, what is -101 + 1010232133301?
1010232133200
In base 11, what is -3a83 - -1585?
-24a9
In base 5, what is 121 - -1402302?
1402423
In base 9, what is 32 - -8544172?
8544214
In base 8, what is -10726423 - 1247?
-10727672
In base 15, what is 3 - -48b0ad?
48b0b1
In base 8, what is -163 - 2120640?
-2121023
In base 14, what is -826310a - 1?
-826310b
In base 15, what is 74 - -665d28?
665d9c
In base 11, what is 87 - -81867?
81943
In base 9, what is -2402 + 28334?
25832
In base 13, what is -26590 + -5b46?
-2c406
In base 6, what is -54314501000 - -1?
-54314500555
In base 3, what is -20010221 + -111201?
-20122122
In base 2, what is -1001 - -1110100101111100011010?
1110100101111100010001
In base 13, what is -2 - 586875?
-586877
In base 3, what is -11102221 - 121222211?
-210102202
In base 16, what is 6aad1500 - 5?
6aad14fb
In base 4, what is 101 + 102230123022?
102230123123
In base 9, what is 566647 - 483?
566154
In base 6, what is -11412 - 24303?
-40115
In base 5, what is 41133 + 2040?
43223
In base 7, what is -43154334 - -13?
-43154321
In base 11, what is 1419 + 71755?
73073
In base 3, what is -111200101 - 120102?
-112020210
In base 10, what is 684 + 69349?
70033
In base 12, what is -4 - -9964b?
99647
In base 9, what is -72747105 - -14?
-72747081
In base 5, what is 1004 + 10404144?
10410203
In base 2, what is 1111100111 - -10110100001010100000?
10110100011010000111
In base 11, what is -2a188 + -805?
-2a992
In base 7, what is -533403 - -6433?
-523640
In base 5, what